actors of 33259.
79, 421
What are the prime factors of 5926?
2, 2963
What are the prime factors of 31506?
2, 3, 59, 89
List the prime factors of 4443.
3, 1481
What are the prime factors of 2797?
2797
What are the prime factors of 29863?
29863
List the prime factors of 2529.
3, 281
What are the prime factors of 11757?
3, 3919
List the prime factors of 9933.
3, 7, 11, 43
List the prime factors of 2295.
3, 5, 17
What are the prime factors of 46162?
2, 23081
What are the prime factors of 69079?
37, 1867
What are the prime factors of 1190?
2, 5, 7, 17
List the prime factors of 11527.
11527
List the prime factors of 6537.
3, 2179
What are the prime factors of 95?
5, 19
List the prime factors of 2575.
5, 103
What are the prime factors of 160299?
3, 1979
List the prime factors of 733.
733
List the prime factors of 21245.
5, 7, 607
List the prime factors of 67.
67
What are the prime factors of 35831?
35831
What are the prime factors of 170628?
2, 3, 59, 241
List the prime factors of 283.
283
List the prime factors of 8166.
2, 3, 1361
What are the prime factors of 25127?
25127
What are the prime factors of 35092?
2, 31, 283
List the prime factors of 94636.
2, 59, 401
List the prime factors of 5276.
2, 1319
List the prime factors of 32596.
2, 29, 281
List the prime factors of 3701.
3701
List the prime factors of 25767.
3, 7, 409
What are the prime factors of 1343?
17, 79
What are the prime factors of 52385?
5, 10477
List the prime factors of 6294.
2, 3, 1049
List the prime factors of 1097.
1097
List the prime factors of 8994.
2, 3, 1499
What are the prime factors of 27?
3
What are the prime factors of 17380?
2, 5, 11, 79
What are the prime factors of 4192?
2, 131
What are the prime factors of 49326?
2, 3, 8221
What are the prime factors of 29365?
5, 7, 839
What are the prime factors of 2875?
5, 23
What are the prime factors of 27791?
27791
What are the prime factors of 517?
11, 47
List the prime factors of 7262.
2, 3631
List the prime factors of 302.
2, 151
What are the prime factors of 2140?
2, 5, 107
What are the prime factors of 2230?
2, 5, 223
List the prime factors of 760.
2, 5, 19
List the prime factors of 26107.
26107
What are the prime factors of 7112?
2, 7, 127
What are the prime factors of 779?
19, 41
What are the prime factors of 1090?
2, 5, 109
What are the prime factors of 77?
7, 11
What are the prime factors of 2854?
2, 1427
What are the prime factors of 1527?
3, 509
What are the prime factors of 87?
3, 29
What are the prime factors of 31678?
2, 47, 337
What are the prime factors of 9940?
2, 5, 7, 71
List the prime factors of 27255.
3, 5, 23, 79
List the prime factors of 99006.
2, 3, 29, 569
List the prime factors of 2268.
2, 3, 7
What are the prime factors of 3518?
2, 1759
What are the prime factors of 12342?
2, 3, 11, 17
List the prime factors of 3191.
3191
List the prime factors of 69590.
2, 5, 6959
What are the prime factors of 70111?
70111
List the prime factors of 42947.
67, 641
What are the prime factors of 351?
3, 13
What are the prime factors of 4142?
2, 19, 109
List the prime factors of 677.
677
List the prime factors of 21861.
3, 7, 347
List the prime factors of 8880.
2, 3, 5, 37
List the prime factors of 2890.
2, 5, 17
What are the prime factors of 4728?
2, 3, 197
What are the prime factors of 117600?
2, 3, 5, 7
List the prime factors of 2797.
2797
What are the prime factors of 29005?
5, 5801
List the prime factors of 42990.
2, 3, 5, 1433
List the prime factors of 7162.
2, 3581
What are the prime factors of 5746?
2, 13, 17
List the prime factors of 7047.
3, 29
What are the prime factors of 22099?
7, 11, 41
What are the prime factors of 7236?
2, 3, 67
List the prime factors of 1676.
2, 419
What are the prime factors of 2162?
2, 23, 47
List the prime factors of 21991.
21991
List the prime factors of 1199.
11, 109
List the prime factors of 22416.
2, 3, 467
List the prime factors of 4517.
4517
What are the prime factors of 70044?
2, 3, 13, 449
List the prime factors of 1894.
2, 947
List the prime factors of 3463.
3463
List the prime factors of 7140.
2, 3, 5, 7, 17
List the prime factors of 58893.
3, 67, 293
List the prime factors of 5906.
2, 2953
List the prime factors of 3489.
3, 1163
List the prime factors of 1466.
2, 733
List the prime factors of 19617.
3, 13, 503
List the prime factors of 121319.
11, 41, 269
List the prime factors of 3411.
3, 379
What are the prime factors of 4425?
3, 5, 59
What are the prime factors of 5522?
2, 11, 251
List the prime factors of 20292.
2, 3, 19, 89
List the prime factors of 7619.
19, 401
What are the prime factors of 14429?
47, 307
What are the prime factors of 20937?
3, 7, 997
What are the prime factors of 8400?
2, 3, 5, 7
What are the prime factors of 571?
571
List the prime factors of 1041.
3, 347
What are the prime factors of 1372?
2, 7
What are the prime factors of 2466?
2, 3, 137
What are the prime factors of 28619?
28619
List the prime factors of 129752.
2, 7, 331
What are the prime factors of 6638?
2, 3319
What are the prime factors of 42627?
3, 13, 1093
What are the prime factors of 26345?
5, 11, 479
List the prime factors of 13169.
13, 1013
List the prime factors of 984.
2, 3, 41
What are the prime factors of 12049?
12049
What are the prime factors of 31459?
163, 193
What are the prime factors of 10704?
2, 3, 223
What are the prime factors of 3312?
2, 3, 23
What are the prime factors of 20006?
2, 7, 1429
What are the prime factors of 10472?
2, 7, 11, 17
What are the prime factors of 172274?
2, 86137
List the prime factors of 2015.
5, 13, 31
What are the prime factors of 12180?
2, 3, 5, 7, 29
What are the prime factors of 5788?
2, 1447
What are the prime factors of 1054?
2, 17, 31
What are the prime factors of 35593?
35593
List the prime factors of 4563.
3, 13
What are the prime factors of 91893?
3, 30631
What are the prime factors of 2157?
3, 719
List the prime factors of 57122.
2, 13
List the prime factors of 1333.
31, 43
List the prime factors of 3454.
2, 11, 157
What are the prime factors of 8285?
5, 1657
List the prime factors of 31016.
2, 3877
What are the prime factors of 1484?
2, 7, 53
What are the prime factors of 92254?
2, 193, 239
List the prime factors of 6011.
6011
List the prime factors of 1455.
3, 5, 97
What are the prime factors of 3874?
2, 13, 149
List the prime factors of 9074.
2, 13, 349
List the prime factors of 17360.
2, 5, 7, 31
What are the prime factors of 34736?
2, 13, 167
What are the prime factors of 2537?
43, 59
What are the prime factors of 53142?
2, 3, 17, 521
What are the prime factors of 117643?
117643
List the prime factors of 27036.
2, 3, 751
What are the prime factors of 8912?
2, 557
What are the prime factors of 4038?
2, 3, 673
List the prime factors of 26054.
2, 7, 1861
What are the prime factors of 1573?
11, 13
What are the prime factors of 704?
2, 11
What are the prime factors of 82470?
2, 3, 5, 2749
List the prime factors of 30894.
2, 3, 19, 271
What are the prime factors of 2172?
2, 3, 181
List the prime factors of 3730.
2, 5, 373
What are the prime factors of 11491?
11491
What are the prime factors of 69533?
31, 2243
What are the prime factors of 7515?
3, 5, 167
List the prime factors of 3235.
5, 647
List the prime factors of 16840.
2, 5, 421
List the prime factors of 69293.
7, 19, 521
What are the prime factors of 9428?
2, 2357
List the prime factors of 896.
2, 7
What are the prime factors of 2223?
3, 13, 19
What are the prime factors of 8722?
2, 7, 89
What are the prime factors of 2062?
2, 1031
List the prime factors of 34243.
11, 283
What are the prime factors of 381?
3, 127
What are the prime factors of 22231?
11, 43, 47
List the prime factors of 9047.
83, 109
List the prime factors of 1572.
2, 3, 131
List the prime factors of 2201.
31, 71
What are the prime factors of 20003?
83, 241
List the prime factors of 116022.
2, 3, 61, 317
List the prime factors of 4450.
2, 5, 89
What are the prime factors of 27193?
71, 383
List the prime factors of 46.
2, 23
What are the prime factors of 3920?
2, 5, 7
What are the prime factors of 5599?
11, 509
List the prime factors of 12250.
2, 5, 7
What are the prime factors of 140?
2, 5, 7
List the prime factors of 283.
283
What are the prime factors of 108118?
2, 54059
List the prime factors of 333.
3, 37
